ate the remainder when 1084058 is divided by 120410.
368
What is the remainder when 112795 is divided by 55055?
2685
What is the remainder when 116363 is divided by 15692?
6519
What is the remainder when 8909171 is divided by 993?
968
What is the remainder when 3751264 is divided by 75025?
14
Calculate the remainder when 51901058 is divided by 18040.
18018
Calculate the remainder when 35427530 is divided by 9077.
9076
What is the remainder when 2039060 is divided by 851?
64
What is the remainder when 245680 is divided by 18337?
7299
What is the remainder when 4469080 is divided by 591?
529
Calculate the remainder when 77133 is divided by 76765.
368
Calculate the remainder when 671918 is divided by 611.
429
What is the remainder when 46776425 is divided by 49?
45
Calculate the remainder when 97565 is divided by 260.
65
What is the remainder when 290930 is divided by 18162?
338
What is the remainder when 922634 is divided by 691?
149
Calculate the remainder when 205173 is divided by 25646.
5
Calculate the remainder when 8744542 is divided by 176.
158
Calculate the remainder when 35187048 is divided by 374.
6
Calculate the remainder when 7932 is divided by 2398.
738
Calculate the remainder when 883680 is divided by 449.
48
Calculate the remainder when 330597 is divided by 40.
37
Calculate the remainder when 2929187 is divided by 138.
137
What is the remainder when 29541511 is divided by 1768?
1767
What is the remainder when 5698679 is divided by 1625?
1429
What is the remainder when 2641995 is divided by 71?
14
Calculate the remainder when 1186649 is divided by 3544.
2953
Calculate the remainder when 99524669 is divided by 296.
293
What is the remainder when 320688229 is divided by 5?
4
Calculate the remainder when 159143494 is divided by 964506.
4
What is the remainder when 1039987 is divided by 136?
131
What is the remainder when 57287795 is divided by 40?
35
What is the remainder when 963230 is divided by 8?
6
What is the remainder when 10271 is divided by 2299?
1075
What is the remainder when 22102425 is divided by 129?
81
Calculate the remainder when 66214 is divided by 6272.
3494
Calculate the remainder when 3995141 is divided by 295.
251
Calculate the remainder when 89221 is divided by 1808.
629
What is the remainder when 505125 is divided by 9354?
9
What is the remainder when 3841052 is divided by 4748?
4668
Calculate the remainder when 585655 is divided by 3333.
2380
Calculate the remainder when 78161442 is divided by 26053813.
3
Calculate the remainder when 11459616 is divided by 1740.
1716
What is the remainder when 2908101 is divided by 150?
51
Calculate the remainder when 40832 is divided by 4466.
638
Calculate the remainder when 778174 is divided by 86347.
1051
Calculate the remainder when 13525859 is divided by 3948.
11
Calculate the remainder when 33343 is divided by 1663.
83
What is the remainder when 8082385 is divided by 495?
25
Calculate the remainder when 4868988 is divided by 811475.
138
Calculate the remainder when 928916 is divided by 5189.
85
What is the remainder when 67846 is divided by 3975?
271
What is the remainder when 118941 is divided by 7940?
7781
What is the remainder when 433072 is divided by 10562?
30
What is the remainder when 352718979 is divided by 231?
228
What is the remainder when 28625 is divided by 2199?
38
Calculate the remainder when 13124644 is divided by 1009588.
0
What is the remainder when 235996 is divided by 394?
384
Calculate the remainder when 16534334 is divided by 15.
14
What is the remainder when 6492014 is divided by 2164001?
11
Calculate the remainder when 299132483 is divided by 589.
587
What is the remainder when 471433 is divided by 105?
88
What is the remainder when 2868525 is divided by 92533?
2
Calculate the remainder when 75446 is divided by 75227.
219
Calculate the remainder when 2102280 is divided by 2928.
2904
Calculate the remainder when 172532440 is divided by 6762.
10
What is the remainder when 3858626 is divided by 3436?
3434
What is the remainder when 513169 is divided by 18?
7
What is the remainder when 5810182 is divided by 1052?
1038
What is the remainder when 6766885 is divided by 22114?
1
Calculate the remainder when 2232115 is divided by 51.
49
Calculate the remainder when 144485625 is divided by 212.
205
What is the remainder when 6698250 is divided by 171750?
0
What is the remainder when 185879521 is divided by 12?
1
What is the remainder when 2743352 is divided by 8936?
0
Calculate the remainder when 354512 is divided by 781.
719
Calculate the remainder when 324823 is divided by 165.
103
Calculate the remainder when 73226 is divided by 156.
62
Calculate the remainder when 18894641 is divided by 2793.
2789
What is the remainder when 64796 is divided by 970?
776
Calculate the remainder when 30844496 is divided by 826.
4
Calculate the remainder when 1805008 is divided by 4093.
4088
What is the remainder when 58469378 is divided by 3999?
3998
What is the remainder when 5723 is divided by 794?
165
Calculate the remainder when 41647 is divided by 5905.
312
Calculate the remainder when 1082965 is divided by 713.
631
Calculate the remainder when 2392900 is divided by 1196344.
212
Calculate the remainder when 384297 is divided by 127977.
366
What is the remainder when 350133 is divided by 926?
105
What is the remainder when 117493 is divided by 63?
61
Calculate the remainder when 2365081 is divided by 1601.
404
Calculate the remainder when 23763814 is divided by 17512.
30
What is the remainder when 449204 is divided by 482?
462
Calculate the remainder when 4140726 is divided by 14580.
6
Calculate the remainder when 2054941 is divided by 342487.
19
What is the remainder when 32807752 is divided by 567?
565
Calculate the remainder when 124722 is divided by 1025.
697
What is the remainder when 242417 is divided by 80388?
1253
What is the remainder when 725953 is divided by 148?
13
Calculate the remainder when 1182915 is divided by 197144.
51
Calculate the remainder when 143160072 is divided by 151332.
0
Calculate the remainder when 2548353 is divided by 2548346.
7
What is the remainder when 13880051 is divided by 1408?
1395
Calculate the remainder when 62936 is divided by 2610.
296
Calculate the remainder when 16275166 is divided by 8057.
26
What is the remainder when 962211 is divided by 74013?
42
What is the remainder when 446130695 is divided by 122?
119
Calculate the remainder when 1399269 is divided by 3.
0
What is the remainder when 11719377 is divided by 110560?
17
Calculate the remainder when 3792897 is divided by 150.
147
What is the remainder when 470006 is divided by 469796?
210
Calculate the remainder when 4079878 is divided by 1359866.
280
What is the remainder when 124712244 is divided by 736?
724
What is the remainder when 49539991 is divided by 1000?
991
What is the remainder when 144109 is divided by 1618?
107
Calculate the remainder when 102177 is divided by 7848.
153
Calculate the remainder when 2542104 is divided by 1177.
961
Calculate the remainder when 31622446 is divided by 68.
66
What is the remainder when 181834 is divided by 7097?
4409
Calculate the remainder when 125250 is divided by 25024.
130
What is the remainder when 87132042 is divided by 8085?
8082
Calculate the remainder when 12377 is divided by 858.
365
Calculate the remainder when 2920818 is divided by 726.
120
Calculate the remainder when 390575 is divided by 78105.
50
Calculate the remainder when 919589218 is divided by 1143.
1141
What is the remainder when 1001777 is divided by 8418?
35
Calculate the remainder when 1212731 is divided by 172.
131
What is the remainder when 1127115 is divided by 170?
15
What is the remainder when 3120411 is divided by 641?
23
What is the remainder when 7351007 is divided by 24?
23
Calculate the remainder when 73876784 is divided by 1533.
1514
Calculate the remainder when 3070265 is divided by 347.
9
What is the remainder when 252481 is divided by 84?
61
Calculate the remainder when 1481514 is divided by 204.
66
Calculate the remainder when 2553206 is divided by 1210.
106
What is the remainder when 6923668 is divided by 5?
3
Calculate the remainder when 425823 is divided by 2877.
27
What is the remainder when 4332989 is divided by 666?
659
Calculate th